{"id":81,"date":"2023-06-15T16:13:01","date_gmt":"2023-06-15T14:13:01","guid":{"rendered":"http:\/\/clinique-veterinaire-olivier-avignon.fr\/?page_id=81"},"modified":"2025-01-21T18:44:03","modified_gmt":"2025-01-21T17:44:03","slug":"accueil","status":"publish","type":"page","link":"https:\/\/clinique-veterinaire-olivier-avignon.fr\/","title":{"rendered":"Accueil"},"content":{"rendered":"<\/p>\n<p style=\"\"><strong>LUNDI &#8211; SAMEDI<\/strong><\/p>\n<p style=\"\">\n<p style=\"\"><span style=\"font-size: 23px !important;\">8:00 &#8211; 12:00 &nbsp; &nbsp; &nbsp; &nbsp;<\/span><\/p>\n<p style=\"\"><span style=\"font-size: 23px !important;\">14:00 &#8211; 19:00 &nbsp; &nbsp; &nbsp; <\/span>&nbsp;<\/p>\n<p style=\"text-align: justify;\">\n<p style=\"text-align: center;\">Consultations sur RDV<\/p>\n<p style=\"\"><strong>Tel. 04 32 44 84 66<\/strong><\/p>\n<p><a href=\"https:\/\/www.facebook.com\/Cliniqueveterinairedelolivier\" target=\"_blank\" rel=\"\"><\/a><a href=\"https:\/\/www.youtube.com\/@vetomania\" target=\"_blank\"><\/a><span><img decoding=\"async\" alt=\"\" data-id=\"155\" width=\"710\" data-init-width=\"974\" height=\"257\" data-init-height=\"353\" title=\"logo-CLINIQUE-VETERINAIR-CMJN\" src=\"\/\/clinique-veterinaire-olivier-avignon.fr\/wp-content\/uploads\/2024\/09\/logo-CLINIQUE-VETERINAIR-CMJN-1.png\" data-width=\"710\" data-height=\"257\" style=\"aspect-ratio: auto 974 \/ 353;\" loading=\"lazy\"><\/span><\/p>\n<h2 style=\"text-align: center;\">Why work with us<\/h2>\n<p><span><img decoding=\"async\" alt=\"\" data-id=\"83\" width=\"551\" data-init-width=\"2560\" height=\"246\" data-init-height=\"1142\" title=\"297015587_5440389236018359_1610167893208183821_n\" src=\"\/\/clinique-veterinaire-olivier-avignon.fr\/wp-content\/uploads\/2023\/06\/297015587_5440389236018359_1610167893208183821_n-scaled.jpg\" data-width=\"551\" data-height=\"246\" style=\"aspect-ratio: auto 2560 \/ 1142;\" ml-d=\"0\" center-h-d=\"false\" mt-d=\"0\" loading=\"lazy\"><\/span><\/p>\n<h6 style=\"\">\u200b<\/h6>\n<p>Notre structure de \u2026.m2 est \u00e9quip\u00e9e d\u2019un plateau technique moderne complet, pour garantir ce qu\u2019il y a de mieux \u00e0 vos animaux. Elle se compose d\u2019une radiographie num\u00e9rique, d\u2019un \u00e9chographe, d\u2019un endoscope, d\u2019un espace de dentisterie, d\u2019un espace de chirurgie, d\u2019un espace d\u2019hospitalisation, et d\u2019un laboratoire d\u2019analyses h\u00e9matologique et biochimique complet.<\/p>\n<h6 style=\"\">\u200b<\/h6>\n<p style=\"\">Convaincus de l\u2019importance de l\u2019acc\u00e8s aux soins \u00e0 l\u2019ensemble des animaux de compagnie, nous travaillons au quotidien avec des associations de protection animale, qui apportent leur aide aux propri\u00e9taires d\u2019animaux en difficult\u00e9 financi\u00e8re. Nous travaillons \u00e9galement \u00e9troitement avec les associations menant les campagnes de st\u00e9rilisation d\u2019animaux errants.<\/p>\n<p><span style=\"\"><img decoding=\"async\" alt=\"\" data-id=\"175\" width=\"524\" data-init-width=\"612\" height=\"356\" data-init-height=\"416\" title=\"Closeup of tabby cat face. Fauna background\" src=\"\/\/clinique-veterinaire-olivier-avignon.fr\/wp-content\/uploads\/2024\/09\/istockphoto-486983606-612x612-1.jpg\" data-width=\"524\" data-height=\"356\" style=\"aspect-ratio: auto 612 \/ 416;\" mt-d=\"0\" ml-d=\"-9.51600000000002\" loading=\"lazy\"><\/span><span><img decoding=\"async\" alt=\"\" data-id=\"176\" width=\"551\" data-init-width=\"612\" height=\"246\" data-init-height=\"408\" title=\"\" src=\"\/\/clinique-veterinaire-olivier-avignon.fr\/wp-content\/uploads\/2024\/09\/istockphoto-1386533321-612x612-1.jpg\" data-width=\"551\" data-height=\"246\" style=\"aspect-ratio: auto 612 \/ 408;\" ml-d=\"0\" center-h-d=\"false\" mt-d=\"0\" loading=\"lazy\"><\/span><\/p>\n<h6 style=\"\">\u200b<\/h6>\n<p dir=\"ltr\">Notre vocation est d\u2019offrir \u00e0 vos animaux de compagnie, chiens, chats mais aussi nouveaux animaux de compagnie (NAC), les meilleurs soins possibles, en vous garantissant un service de qualit\u00e9 et professionnel, qui place au centre votre satisfaction et le bien-\u00eatre de votre animal.<\/p>\n<p dir=\"ltr\">Notre \u00e9quipe d\u2019assistants et de v\u00e9t\u00e9rinaires, comp\u00e9tents et passionn\u00e9s, vous accueille avec vos animaux de compagnie et NAC du lundi au samedi, de 8h00 \u00e0 12h00 et de 14h00 \u00e0 19h00, sur rendez-vous.&nbsp;<\/p>\n<h2 style=\"text-align: center;\">Comment acc\u00e9der \u00e0 la Clinique<\/h2>\n<p dir=\"ltr\">\n<p dir=\"ltr\" style=\"text-align: right;\">\n<p dir=\"ltr\" style=\"text-align: right;\">Notre adresse:<\/p>\n<p dir=\"ltr\" style=\"text-align: right;\">3bis Route de Mori\u00e8res, 84000 AVIGNON<\/p>\n<p dir=\"ltr\">\n<p dir=\"ltr\" style=\"\"><strong>Places de parking gratuites sur place<\/strong><\/p>\n<p>cliniqueveterinairedelolivier@outlook.fr<\/p>\n","protected":false},"excerpt":{"rendered":"<p>LUNDI &#8211; SAMEDI 8:00 &#8211; 12:00 &nbsp; &nbsp; &nbsp; &nbsp; 14:00 &#8211; 19:00 &nbsp; &nbsp; &nbsp; &nbsp; Consultations sur RDV Tel. 04 32 44 84 66 Why work with us \u200b Notre structure de \u2026.m2 est \u00e9quip\u00e9e d\u2019un plateau technique moderne complet, pour garantir ce qu\u2019il y a de mieux \u00e0 vos animaux. Elle se [&hellip;]<\/p>\n","protected":false},"author":1,"featured_media":0,"parent":0,"menu_order":0,"comment_status":"closed","ping_status":"closed","template":"","meta":{"footnotes":""},"class_list":["post-81","page","type-page","status-publish","hentry","post-wrapper","thrv_wrapper"],"_links":{"self":[{"href":"https:\/\/clinique-veterinaire-olivier-avignon.fr\/index.php?rest_route=\/wp\/v2\/pages\/81","targetHints":{"allow":["GET"]}}],"collection":[{"href":"https:\/\/clinique-veterinaire-olivier-avignon.fr\/index.php?rest_route=\/wp\/v2\/pages"}],"about":[{"href":"https:\/\/clinique-veterinaire-olivier-avignon.fr\/index.php?rest_route=\/wp\/v2\/types\/page"}],"author":[{"embeddable":true,"href":"https:\/\/clinique-veterinaire-olivier-avignon.fr\/index.php?rest_route=\/wp\/v2\/users\/1"}],"replies":[{"embeddable":true,"href":"https:\/\/clinique-veterinaire-olivier-avignon.fr\/index.php?rest_route=%2Fwp%2Fv2%2Fcomments&post=81"}],"version-history":[{"count":55,"href":"https:\/\/clinique-veterinaire-olivier-avignon.fr\/index.php?rest_route=\/wp\/v2\/pages\/81\/revisions"}],"predecessor-version":[{"id":290,"href":"https:\/\/clinique-veterinaire-olivier-avignon.fr\/index.php?rest_route=\/wp\/v2\/pages\/81\/revisions\/290"}],"wp:attachment":[{"href":"https:\/\/clinique-veterinaire-olivier-avignon.fr\/index.php?rest_route=%2Fwp%2Fv2%2Fmedia&parent=81"}],"curies":[{"name":"wp","href":"https:\/\/api.w.org\/{rel}","templated":true}]}}